rime factors of 6362718.
2, 3, 1060453
List the prime factors of 9093712.
2, 37, 15361
List the prime factors of 2324103.
3, 47, 53, 311
What are the prime factors of 573234?
2, 3, 95539
What are the prime factors of 10346473?
41, 409, 617
What are the prime factors of 8694166?
2, 13, 127, 2633
List the prime factors of 1238226.
2, 3, 11, 73, 257
What are the prime factors of 19000770?
2, 3, 5, 633359
What are the prime factors of 1083507?
3, 23, 41, 383
List the prime factors of 1448768.
2, 22637
List the prime factors of 457606.
2, 17, 43, 313
List the prime factors of 5107325.
5, 43, 4751
What are the prime factors of 2472592?
2, 23, 6719
What are the prime factors of 248855?
5, 71, 701
What are the prime factors of 6039324?
2, 3, 167759
What are the prime factors of 475840?
2, 5, 1487
What are the prime factors of 5838889?
7, 29, 587
List the prime factors of 1791269.
1791269
What are the prime factors of 3325084?
2, 7, 149, 797
List the prime factors of 661745.
5, 7, 37, 73
What are the prime factors of 420329?
7, 13, 31, 149
What are the prime factors of 1334814?
2, 3, 13, 109, 157
What are the prime factors of 1600846?
2, 13, 23, 2677
List the prime factors of 198724.
2, 49681
List the prime factors of 1804060.
2, 5, 90203
What are the prime factors of 17241076?
2, 23, 193, 971
What are the prime factors of 16006731?
3, 13, 257, 1597
List the prime factors of 14681489.
17, 37, 1373
List the prime factors of 603340.
2, 5, 97, 311
What are the prime factors of 7772941?
11, 706631
List the prime factors of 7410209.
19, 23, 31, 547
What are the prime factors of 323956?
2, 80989
List the prime factors of 35769295.
5, 677, 10567
What are the prime factors of 23250991?
23250991
List the prime factors of 1859179.
7, 47, 5651
What are the prime factors of 1776230?
2, 5, 177623
What are the prime factors of 325035?
3, 5, 31, 233
List the prime factors of 1301149.
1301149
What are the prime factors of 296182?
2, 148091
List the prime factors of 2746135.
5, 7, 31, 2531
What are the prime factors of 27250800?
2, 3, 5, 22709
What are the prime factors of 9937457?
41, 242377
List the prime factors of 943785.
3, 5, 6991
What are the prime factors of 3471916?
2, 7, 123997
What are the prime factors of 670574?
2, 233, 1439
List the prime factors of 6023573.
347, 17359
What are the prime factors of 243380?
2, 5, 43, 283
List the prime factors of 1685537.
7, 389, 619
List the prime factors of 196858.
2, 98429
What are the prime factors of 319942?
2, 7, 22853
List the prime factors of 99949.
127, 787
What are the prime factors of 11539938?
2, 3, 1923323
What are the prime factors of 1533949?
73, 21013
What are the prime factors of 843494?
2, 29, 14543
What are the prime factors of 499151?
499151
List the prime factors of 1661347.
1661347
What are the prime factors of 1616970?
2, 3, 5, 53899
List the prime factors of 1303800.
2, 3, 5, 41, 53
List the prime factors of 250939.
13, 97, 199
List the prime factors of 502353.
3, 55817
What are the prime factors of 149148?
2, 3, 1381
What are the prime factors of 306879?
3, 102293
List the prime factors of 7928967.
3, 1129, 2341
List the prime factors of 2961685.
5, 592337
List the prime factors of 127386.
2, 3, 7, 337
List the prime factors of 5064735.
3, 5, 13, 19, 1367
What are the prime factors of 26634697?
26634697
What are the prime factors of 948917?
19, 49943
What are the prime factors of 103364?
2, 25841
List the prime factors of 64768.
2, 11, 23
List the prime factors of 475055.
5, 7, 277
List the prime factors of 290825.
5, 11633
What are the prime factors of 12551942?
2, 13, 482767
List the prime factors of 219841.
191, 1151
List the prime factors of 5166662.
2, 2583331
What are the prime factors of 255610?
2, 5, 25561
What are the prime factors of 559824?
2, 3, 107, 109
List the prime factors of 49644.
2, 3, 7, 197
What are the prime factors of 28615?
5, 59, 97
List the prime factors of 12332881.
11, 19, 59009
What are the prime factors of 764603?
7, 109229
What are the prime factors of 20865560?
2, 5, 467, 1117
List the prime factors of 3090586.
2, 109, 14177
List the prime factors of 203772.
2, 3, 16981
List the prime factors of 973915.
5, 109, 1787
List the prime factors of 158156.
2, 19, 2081
List the prime factors of 1241344.
2, 13, 373
What are the prime factors of 392368?
2, 137, 179
List the prime factors of 2008143.
3, 43, 5189
What are the prime factors of 1893680?
2, 5, 23671
List the prime factors of 172667.
11, 1427
List the prime factors of 2130327.
3, 78901
What are the prime factors of 236764?
2, 11, 5381
List the prime factors of 2732555.
5, 7, 101, 773
List the prime factors of 393544.
2, 49193
List the prime factors of 2791978.
2, 7, 17, 11731
List the prime factors of 360186.
2, 3, 173, 347
List the prime factors of 2572304.
2, 7, 17, 193
What are the prime factors of 6964649?
6964649
List the prime factors of 340310.
2, 5, 34031
What are the prime factors of 218739?
3, 17, 4289
What are the prime factors of 81140?
2, 5, 4057
List the prime factors of 306685.
5, 83, 739
List the prime factors of 21232111.
103, 139, 1483
List the prime factors of 678841.
43, 15787
What are the prime factors of 4182344?
2, 353, 1481
What are the prime factors of 2875155?
3, 5, 191677
List the prime factors of 174295.
5, 11, 3169
List the prime factors of 8843909.
8843909
What are the prime factors of 300288?
2, 3, 17, 23
List the prime factors of 12814110.
2, 3, 5, 173, 823
What are the prime factors of 60512?
2, 31, 61
What are the prime factors of 317406?
2, 3, 52901
List the prime factors of 469445.
5, 93889
List the prime factors of 208857.
3, 11, 6329
List the prime factors of 28419.
3, 9473
What are the prime factors of 145842?
2, 3, 109, 223
List the prime factors of 7184250.
2, 3, 5, 31, 103
List the prime factors of 3182366.
2, 11, 17, 67, 127
List the prime factors of 824319.
3, 91591
What are the prime factors of 1257163?
1257163
List the prime factors of 55992.
2, 3, 2333
What are the prime factors of 14494076?
2, 3623519
What are the prime factors of 8372798?
2, 7, 598057
What are the prime factors of 13303105?
5, 2660621
What are the prime factors of 7473143?
7473143
List the prime factors of 1626586.
2, 13, 73, 857
What are the prime factors of 2921243?
13, 224711
What are the prime factors of 2357150?
2, 5, 47143
What are the prime factors of 786891?
3, 7, 53, 101
List the prime factors of 3020726.
2, 1510363
List the prime factors of 67584.
2, 3, 11
What are the prime factors of 3602020?
2, 5, 19, 9479
What are the prime factors of 1098530?
2, 5, 37, 2969
What are the prime factors of 920372?
2, 43, 5351
What are the prime factors of 539689?
73, 7393
List the prime factors of 11633619.
3, 79, 191, 257
What are the prime factors of 1565506?
2, 59, 13267
What are the prime factors of 690203?
103, 6701
List the prime factors of 1998210.
2, 3, 5, 43, 1549
List the prime factors of 500845.
5, 100169
What are the prime factors of 9755135?
5, 13, 223, 673
List the prime factors of 2737572.
2, 3, 228131
List the prime factors of 1833155.
5, 366631
What are the prime factors of 231152?
2, 14447
What are the prime factors of 455882?
2, 7, 32563
What are the prime factors of 3828637?
3828637
List the prime factors of 1601893.
17, 94229
What are the prime factors of 776820?
2, 3, 5, 11, 107
List the prime factors of 321040.
2, 5, 4013
List the prime factors of 3641361.
3, 283, 4289
List the prime factors of 2627604.
2, 3, 7, 10427
List the prime factors of 1469175.
3, 5, 19, 1031
List the prime factors of 105042.
2, 3, 7, 41, 61
List the prime factors of 2963333.
2963333
What are the prime factors of 28170150?
2, 3, 5, 67, 2803
List the prime factors of 3185314.
2, 11, 67, 2161
What are the prime factors of 2919557?
2919557
What are the prime factors of 551482?
2, 275741
What are the prime factors of 1315458?
2, 3, 107, 683
List the prime factors of 32704015.
5, 107, 61129
What are the prime factors of 1453392?
2, 3, 10093
List the prime factors of 1616102.
2, 19, 71, 599
What are the prime factors of 8453991?
3, 7, 13, 173, 179
What are the prime factors of 249322?
2, 17, 7333
What are the prime factors of 6672022?
2, 7, 181, 2633
What are the prime factors of 20365531?
43, 473617
What are 